{"id":262,"date":"2023-07-30T20:44:33","date_gmt":"2023-07-30T20:44:33","guid":{"rendered":"https:\/\/bdi.uni-obuda.hu\/aki\/?page_id=262"},"modified":"2025-05-21T22:59:12","modified_gmt":"2025-05-21T20:59:12","slug":"publications","status":"publish","type":"page","link":"https:\/\/bdi.uni-obuda.hu\/aki\/en\/publications\/","title":{"rendered":"Publications"},"content":{"rendered":"\n<p><strong>Journal of Central and Eastern European African Studies<\/strong><\/p>\n\n\n\n<p><a href=\"https:\/\/jceeas.bdi.uni-obuda.hu\/index.php\/jceeas\/issue\/view\/1\">JCEEAS &#8211; Vol 1 Number 1-2 (2021)<\/a><\/p>\n\n\n\n<p><a href=\"https:\/\/jceeas.bdi.uni-obuda.hu\/index.php\/jceeas\/issue\/view\/2\">JCEEAS &#8211; Vol 1 Number 3 (2021)<\/a><\/p>\n\n\n\n<p><a href=\"https:\/\/jceeas.bdi.uni-obuda.hu\/index.php\/jceeas\/issue\/view\/3\">JCEEAS &#8211; Vol 1 Number 4 (2021)<\/a><\/p>\n\n\n\n<p><a href=\"https:\/\/jceeas.bdi.uni-obuda.hu\/index.php\/jceeas\/issue\/view\/4\">JCEEAS &#8211; Vol 2 Number 1 (2022)<\/a><\/p>\n\n\n\n<p><a href=\"https:\/\/jceeas.bdi.uni-obuda.hu\/index.php\/jceeas\/issue\/view\/5\">JCEEAS &#8211; Vol 2 Number 2 (2022)<\/a><\/p>\n\n\n\n<p><a href=\"https:\/\/jceeas.bdi.uni-obuda.hu\/index.php\/jceeas\/issue\/view\/6\">JCEEAS &#8211; Vol 2 Number 3 (2022)<\/a><\/p>\n\n\n\n<p><a href=\"https:\/\/jceeas.bdi.uni-obuda.hu\/index.php\/jceeas\/issue\/view\/7\">JCEEAS &#8211; Vol 2 Number 4 (2022)<\/a><\/p>\n\n\n\n<p><a href=\"https:\/\/jceeas.bdi.uni-obuda.hu\/index.php\/jceeas\/issue\/view\/8\">JCEEAS &#8211; Vol 3 Number 1 (2023)<\/a><\/p>\n\n\n\n<p><a href=\"https:\/\/jceeas.bdi.uni-obuda.hu\/index.php\/jceeas\/issue\/view\/9\">JCEEAS &#8211; Vol 3 Number 2 (2023)<\/a><\/p>\n\n\n\n<p><a href=\"https:\/\/jceeas.bdi.uni-obuda.hu\/index.php\/jceeas\/issue\/view\/10\">JCEEAS &#8211; Vol 3 Number 3 (2023)<\/a><\/p>\n\n\n\n<p><a href=\"https:\/\/jceeas.bdi.uni-obuda.hu\/index.php\/jceeas\/issue\/view\/11\">JCEEAS &#8211; Vol 3 Number 4 (2023)<\/a><\/p>\n\n\n\n<p><a href=\"https:\/\/jceeas.bdi.uni-obuda.hu\/index.php\/jceeas\/issue\/view\/12\">JCEEAS &#8211; Vol 4 Number 1 (2024)<\/a><\/p>\n\n\n\n<p><a href=\"https:\/\/jceeas.bdi.uni-obuda.hu\/index.php\/jceeas\/issue\/view\/13\">JCEEAS &#8211; Vol 4 Number 2 (2024)<\/a><\/p>\n\n\n\n<p><a href=\"https:\/\/jceeas.bdi.uni-obuda.hu\/index.php\/jceeas\/issue\/view\/14\">JCEEAS &#8211; Vol 4 Number 3-4 (2024)<\/a><\/p>\n\n\n\n<p><a href=\"https:\/\/jceeas.bdi.uni-obuda.hu\/index.php\/jceeas\/issue\/view\/15\">JCEEAS &#8211; Vol 5 Number 1 (2025)<\/a><\/p>\n\n\n\n<p><strong>Other publications<\/strong><\/p>\n\n\n\n<p>Beseny\u0151, J.&nbsp;(2019).&nbsp;<em>Magyar katonai \u00e9s rend\u0151ri m\u0171veletek az afrikai kontinensen, 1989-2019.<\/em>&nbsp;Budapest: \u00d3buda University Doctoral School on Safety and Security Sciences.<\/p>\n\n\n\n<div class=\"wp-block-file\"><a id=\"wp-block-file--media-95bb2217-0ee3-4640-9422-45a51080a192\" href=\"https:\/\/bdi.uni-obuda.hu\/aki\/wp-content\/uploads\/2023\/08\/dr.-Besenyo-Janos-konyv_teljes_WEB-2.pdf\">dr_Janos_Besenyo_book_2019<\/a><a href=\"https:\/\/bdi.uni-obuda.hu\/aki\/wp-content\/uploads\/2023\/08\/dr.-Besenyo-Janos-konyv_teljes_WEB-2.pdf\" class=\"wp-block-file__button wp-element-button\" download aria-describedby=\"wp-block-file--media-95bb2217-0ee3-4640-9422-45a51080a192\">Let\u00f6lt\u00e9s<\/a><\/div>\n\n\n\n<p>Beseny\u0151, J. (2020). <em>Magyarorsz\u00e1g \u00e9s a nyugat-szaharai v\u00e1ls\u00e1g<\/em>. Budapest: Monarchia Kiad\u00f3 and \u00d3buda University, 460.<\/p>\n\n\n\n<div class=\"wp-block-file\"><a id=\"wp-block-file--media-ed651825-3278-4359-9318-bf0afab98d50\" href=\"https:\/\/bdi.uni-obuda.hu\/aki\/wp-content\/uploads\/2023\/08\/DrBesenyo_Janos_MO_es-_a_nyugat-szaharai_valsag-1.pdf\">dr_Janos_Besenyo_Hungary_WS_2020<\/a><a href=\"https:\/\/bdi.uni-obuda.hu\/aki\/wp-content\/uploads\/2023\/08\/DrBesenyo_Janos_MO_es-_a_nyugat-szaharai_valsag-1.pdf\" class=\"wp-block-file__button wp-element-button\" download aria-describedby=\"wp-block-file--media-ed651825-3278-4359-9318-bf0afab98d50\">Let\u00f6lt\u00e9s<\/a><\/div>\n\n\n\n<p>Som, K. (2021). <em>N\u00e9met gyarmatos\u00edt\u00e1s Afrik\u00e1ban 1884-1920<\/em>. Budapest: Monarchia Kiad\u00f3 and \u00d3buda University Doctoral School on Safety and Security Sciences.<\/p>\n\n\n\n<div class=\"wp-block-file\"><a id=\"wp-block-file--media-6eee0295-fa0b-4b26-9565-ebaed5ea88ea\" href=\"https:\/\/bdi.uni-obuda.hu\/aki\/wp-content\/uploads\/2023\/08\/Som_K_Nemet_gyarmatositas_Afrikaban_1884-1920-2.pdf\">Krisztian_Som_German_colonization_Africa_1884-1920<\/a><a href=\"https:\/\/bdi.uni-obuda.hu\/aki\/wp-content\/uploads\/2023\/08\/Som_K_Nemet_gyarmatositas_Afrikaban_1884-1920-2.pdf\" class=\"wp-block-file__button wp-element-button\" download aria-describedby=\"wp-block-file--media-6eee0295-fa0b-4b26-9565-ebaed5ea88ea\">Let\u00f6lt\u00e9s<\/a><\/div>\n\n\n<div class=\"wp-block-image\">\n<figure class=\"aligncenter size-large\"><img decoding=\"async\" loading=\"lazy\" width=\"1024\" height=\"752\" src=\"https:\/\/bdi.uni-obuda.hu\/aki\/wp-content\/uploads\/2023\/08\/Kepernyofoto-2023-08-21-12.20.29-1024x752.png\" alt=\"\" class=\"wp-image-909\" srcset=\"https:\/\/bdi.uni-obuda.hu\/aki\/wp-content\/uploads\/2023\/08\/Kepernyofoto-2023-08-21-12.20.29-1024x752.png 1024w, https:\/\/bdi.uni-obuda.hu\/aki\/wp-content\/uploads\/2023\/08\/Kepernyofoto-2023-08-21-12.20.29-300x220.png 300w, https:\/\/bdi.uni-obuda.hu\/aki\/wp-content\/uploads\/2023\/08\/Kepernyofoto-2023-08-21-12.20.29-768x564.png 768w, https:\/\/bdi.uni-obuda.hu\/aki\/wp-content\/uploads\/2023\/08\/Kepernyofoto-2023-08-21-12.20.29-1536x1129.png 1536w, https:\/\/bdi.uni-obuda.hu\/aki\/wp-content\/uploads\/2023\/08\/Kepernyofoto-2023-08-21-12.20.29.png 1572w\" sizes=\"(max-width: 1024px) 100vw, 1024px\" \/><\/figure><\/div>","protected":false},"excerpt":{"rendered":"<p>Journal of Central and Eastern European African Studies JCEEAS &#8211; Vol 1 Number 1-2 (2021) JCEEAS &#8211; Vol 1 Number 3 (2021) JCEEAS &#8211; Vol 1 Number 4 (2021) JCEEAS &#8211; Vol 2 Number 1 (2022) JCEEAS &#8211; Vol 2 Number 2 (2022) JCEEAS &#8211; Vol 2 Number 3 (2022) JCEEAS &#8211; Vol 2 Number [&hellip;]<\/p>\n","protected":false},"author":1,"featured_media":0,"parent":0,"menu_order":0,"comment_status":"closed","ping_status":"closed","template":"","meta":{"ub_ctt_via":""},"featured_image_src":null,"_links":{"self":[{"href":"https:\/\/bdi.uni-obuda.hu\/aki\/wp-json\/wp\/v2\/pages\/262"}],"collection":[{"href":"https:\/\/bdi.uni-obuda.hu\/aki\/wp-json\/wp\/v2\/pages"}],"about":[{"href":"https:\/\/bdi.uni-obuda.hu\/aki\/wp-json\/wp\/v2\/types\/page"}],"author":[{"embeddable":true,"href":"https:\/\/bdi.uni-obuda.hu\/aki\/wp-json\/wp\/v2\/users\/1"}],"replies":[{"embeddable":true,"href":"https:\/\/bdi.uni-obuda.hu\/aki\/wp-json\/wp\/v2\/comments?post=262"}],"version-history":[{"count":10,"href":"https:\/\/bdi.uni-obuda.hu\/aki\/wp-json\/wp\/v2\/pages\/262\/revisions"}],"predecessor-version":[{"id":2270,"href":"https:\/\/bdi.uni-obuda.hu\/aki\/wp-json\/wp\/v2\/pages\/262\/revisions\/2270"}],"wp:attachment":[{"href":"https:\/\/bdi.uni-obuda.hu\/aki\/wp-json\/wp\/v2\/media?parent=262"}],"curies":[{"name":"wp","href":"https:\/\/api.w.org\/{rel}","templated":true}]}}