{"id":27,"date":"2023-07-26T16:32:32","date_gmt":"2023-07-26T16:32:32","guid":{"rendered":"https:\/\/bdi.uni-obuda.hu\/aki\/?page_id=27"},"modified":"2026-04-02T18:14:58","modified_gmt":"2026-04-02T16:14:58","slug":"kapcsolat","status":"publish","type":"page","link":"https:\/\/bdi.uni-obuda.hu\/aki\/kapcsolat\/","title":{"rendered":"Kapcsolat"},"content":{"rendered":"\n<p>Afrika Kutat\u00f3int\u00e9zet<br>\u00d3budai Egyetem\u00a0\u00a0 \u00a0<\/p>\n\n\n\n<p>C\u00edm: &nbsp;&nbsp; &nbsp;1081 Budapest, N\u00e9psz\u00ednh\u00e1z utca 8. III. 316.<br>Tel:&nbsp;&nbsp; &nbsp;+36-20-558-5579<br>Email:&nbsp;&nbsp; &nbsp;<a href=\"mailto:besenyo.janos@uni-obuda.hu\">besenyo.janos@uni-obuda.hu<\/a><\/p>\n","protected":false},"excerpt":{"rendered":"<p>Afrika Kutat\u00f3int\u00e9zet\u00d3budai Egyetem\u00a0\u00a0 \u00a0 C\u00edm: &nbsp;&nbsp; &nbsp;1081 Budapest, N\u00e9psz\u00ednh\u00e1z utca 8. III. 316.Tel:&nbsp;&nbsp; &nbsp;+36-20-558-5579Email:&nbsp;&nbsp; &nbsp;besenyo.janos@uni-obuda.hu<\/p>\n","protected":false},"author":1,"featured_media":0,"parent":0,"menu_order":0,"comment_status":"closed","ping_status":"closed","template":"","meta":{"ub_ctt_via":""},"featured_image_src":null,"_links":{"self":[{"href":"https:\/\/bdi.uni-obuda.hu\/aki\/wp-json\/wp\/v2\/pages\/27"}],"collection":[{"href":"https:\/\/bdi.uni-obuda.hu\/aki\/wp-json\/wp\/v2\/pages"}],"about":[{"href":"https:\/\/bdi.uni-obuda.hu\/aki\/wp-json\/wp\/v2\/types\/page"}],"author":[{"embeddable":true,"href":"https:\/\/bdi.uni-obuda.hu\/aki\/wp-json\/wp\/v2\/users\/1"}],"replies":[{"embeddable":true,"href":"https:\/\/bdi.uni-obuda.hu\/aki\/wp-json\/wp\/v2\/comments?post=27"}],"version-history":[{"count":2,"href":"https:\/\/bdi.uni-obuda.hu\/aki\/wp-json\/wp\/v2\/pages\/27\/revisions"}],"predecessor-version":[{"id":2542,"href":"https:\/\/bdi.uni-obuda.hu\/aki\/wp-json\/wp\/v2\/pages\/27\/revisions\/2542"}],"wp:attachment":[{"href":"https:\/\/bdi.uni-obuda.hu\/aki\/wp-json\/wp\/v2\/media?parent=27"}],"curies":[{"name":"wp","href":"https:\/\/api.w.org\/{rel}","templated":true}]}}