{"id":338,"date":"2023-07-30T22:51:53","date_gmt":"2023-07-30T22:51:53","guid":{"rendered":"https:\/\/bdi.uni-obuda.hu\/aki\/?page_id=338"},"modified":"2023-08-15T14:10:30","modified_gmt":"2023-08-15T12:10:30","slug":"news-events","status":"publish","type":"page","link":"https:\/\/bdi.uni-obuda.hu\/aki\/en\/news-events\/","title":{"rendered":"News &#8211; Events"},"content":{"rendered":"\n<div class=\"wp-block-query is-layout-flow\"><ul class=\"wp-block-post-template is-layout-flow\"><li class=\"wp-block-post post-2571 post type-post status-publish format-standard hentry category-hirek_en\">\n\n<div class=\"wp-block-columns alignwide is-layout-flex wp-container-2\">\n<div class=\"wp-block-column is-layout-flow\" style=\"flex-basis:100%\"><h2 class=\"wp-block-post-title\"><a href=\"https:\/\/bdi.uni-obuda.hu\/aki\/en\/africa-research-institute-and-colombias-oasis-research-group-strengthen-ongoing-collaboration\/\" target=\"_self\" >Africa Research Institute and Colombia\u2019s OASIS Research Group Strengthen Ongoing Collaboration<\/a><\/h2>\n\n<div class=\"wp-block-post-excerpt\"><p class=\"wp-block-post-excerpt__excerpt\">Seven months after officially launching our collaboration with the Observatory of Analysis of International Systems (OASIS) at Universidad Externado de Colombia&#8217;s Faculty of Finance, Government and International Relations, a number of meetings took place last week in Bogot\u00e1.&nbsp; Dr. David Vogel, Deputy Head of the Africa Research Institute met with Prof. Jer\u00f3nimo Delgado-Caicedo, Head of [&hellip;]<\/p><p class=\"wp-block-post-excerpt__more-text\"><a class=\"wp-block-post-excerpt__more-link\" href=\"https:\/\/bdi.uni-obuda.hu\/aki\/en\/africa-research-institute-and-colombias-oasis-research-group-strengthen-ongoing-collaboration\/\">More Information<\/a><\/p><\/div><\/div>\n<\/div>\n\n<\/li><li class=\"wp-block-post post-2520 post type-post status-publish format-standard has-post-thumbnail hentry category-hirek_en\">\n\n<div class=\"wp-block-columns alignwide is-layout-flex wp-container-4\">\n<div class=\"wp-block-column is-layout-flow\" style=\"flex-basis:100%\"><h2 class=\"wp-block-post-title\"><a href=\"https:\/\/bdi.uni-obuda.hu\/aki\/en\/belgrade-security-and-intelligence-forum-ii-bsif-2026-successfully-held-in-belgrade\/\" target=\"_self\" >Belgrade Security and Intelligence Forum II (BSIF 2026) Successfully Held in Belgrade<\/a><\/h2>\n\n<div class=\"wp-block-post-excerpt\"><p class=\"wp-block-post-excerpt__excerpt\">The Belgrade Security and Intelligence Forum II (BSIF 2026) was held on 27\u201328 March 2026 in Belgrade, organized by the Institute for National and International Security (INIS). The closed-door professional event brought together selected security and intelligence experts, diplomats, academics, and senior military and law enforcement professionals. Key topics of the Forum included hybrid threats, [&hellip;]<\/p><p class=\"wp-block-post-excerpt__more-text\"><a class=\"wp-block-post-excerpt__more-link\" href=\"https:\/\/bdi.uni-obuda.hu\/aki\/en\/belgrade-security-and-intelligence-forum-ii-bsif-2026-successfully-held-in-belgrade\/\">More Information<\/a><\/p><\/div><\/div>\n<\/div>\n\n<\/li><li class=\"wp-block-post post-2505 post type-post status-publish format-standard has-post-thumbnail hentry category-hirek_en\">\n\n<div class=\"wp-block-columns alignwide is-layout-flex wp-container-6\">\n<div class=\"wp-block-column is-layout-flow\" style=\"flex-basis:100%\"><h2 class=\"wp-block-post-title\"><a href=\"https:\/\/bdi.uni-obuda.hu\/aki\/en\/hungary-africa-week-in-budapest-16-22-february-2026\/\" target=\"_self\" >Hungary-Africa Week in Budapest: 16-22 February 2026<\/a><\/h2>\n\n<div class=\"wp-block-post-excerpt\"><p class=\"wp-block-post-excerpt__excerpt\">The Hungary\u2013Africa Week was held for the third time, offering visitors the opportunity to attend exhibitions as well as cultural and scientific events. A particularly engaging program was the Education Day, where representatives of African and Hungarian higher education institutions met and shared their experiences with one another and with the audience. Among the speakers [&hellip;]<\/p><p class=\"wp-block-post-excerpt__more-text\"><a class=\"wp-block-post-excerpt__more-link\" href=\"https:\/\/bdi.uni-obuda.hu\/aki\/en\/hungary-africa-week-in-budapest-16-22-february-2026\/\">More Information<\/a><\/p><\/div><\/div>\n<\/div>\n\n<\/li><li class=\"wp-block-post post-2481 post type-post status-publish format-standard hentry category-hirek_en\">\n\n<div class=\"wp-block-columns alignwide is-layout-flex wp-container-8\">\n<div class=\"wp-block-column is-layout-flow\" style=\"flex-basis:100%\"><h2 class=\"wp-block-post-title\"><a href=\"https:\/\/bdi.uni-obuda.hu\/aki\/en\/call-for-papers-double-thematic-issue-with-externado-university-of-colombia-at-jceeas\/\" target=\"_self\" >CALL FOR PAPERS: Double thematic issue with Externado University of Colombia\u00a0at\u00a0JCEEAS<\/a><\/h2>\n\n<div class=\"wp-block-post-excerpt\"><p class=\"wp-block-post-excerpt__excerpt\">Based on the cooperation between the African Research Institute (ARI) and the Universidad Externado de Colombia, it has been decided to publish parallel thematic issues in both&nbsp;JCEEAS&nbsp;and its Colombian counterpart,&nbsp;Observatory for the Analysis of International Systems (OASIS), an indexed, peer-reviewed journal. Accordingly, ARI has invited&nbsp;Jer\u00f3nimo Delgado-Caicedo, PhD, Editor-in-Chief of OASIS, and&nbsp;Paula Ximena Ru\u00edz-Camacho, PhD, Director [&hellip;]<\/p><p class=\"wp-block-post-excerpt__more-text\"><a class=\"wp-block-post-excerpt__more-link\" href=\"https:\/\/bdi.uni-obuda.hu\/aki\/en\/call-for-papers-double-thematic-issue-with-externado-university-of-colombia-at-jceeas\/\">More Information<\/a><\/p><\/div><\/div>\n<\/div>\n\n<\/li><li class=\"wp-block-post post-2462 post type-post status-publish format-standard hentry category-hirek_en\">\n\n<div class=\"wp-block-columns alignwide is-layout-flex wp-container-10\">\n<div class=\"wp-block-column is-layout-flow\" style=\"flex-basis:100%\"><h2 class=\"wp-block-post-title\"><a href=\"https:\/\/bdi.uni-obuda.hu\/aki\/en\/new-pportuntiy-to-publish-double-joint-thematic-issue-with-colombias-externado-university\/\" target=\"_self\" >New opportunity to publish: Double joint thematic issue with Colombia&#8217;s Externado University!<\/a><\/h2>\n\n<div class=\"wp-block-post-excerpt\"><p class=\"wp-block-post-excerpt__excerpt\">Based on the cooperation between the African Research Institute and the Universidad Externado de Colombia, a decision has been made to publish joint thematic issues in both JCEEAS and its Colombian counterpart, the&nbsp;Observatory for the Analysis of International Systems&nbsp;(OASIS), an indexed, peer-reviewed journal. Accordingly, ARI has received a request from the Editor-in-Chief of OASIS inviting [&hellip;]<\/p><p class=\"wp-block-post-excerpt__more-text\"><a class=\"wp-block-post-excerpt__more-link\" href=\"https:\/\/bdi.uni-obuda.hu\/aki\/en\/new-pportuntiy-to-publish-double-joint-thematic-issue-with-colombias-externado-university\/\">More Information<\/a><\/p><\/div><\/div>\n<\/div>\n\n<\/li><li class=\"wp-block-post post-2428 post type-post status-publish format-standard hentry category-hirek_en\">\n\n<div class=\"wp-block-columns alignwide is-layout-flex wp-container-12\">\n<div class=\"wp-block-column is-layout-flow\" style=\"flex-basis:100%\"><h2 class=\"wp-block-post-title\"><a href=\"https:\/\/bdi.uni-obuda.hu\/aki\/en\/issue-2025-4-of-jceeas-is-out\/\" target=\"_self\" >Issue 2025\/4 of JCEEAS is out!<\/a><\/h2>\n\n<div class=\"wp-block-post-excerpt\"><p class=\"wp-block-post-excerpt__excerpt\">The latest issue of our journal (JCEEAS) that is published four times a year with dozens of scientific articles and book reviews is available on the following website:&nbsp;https:\/\/jceeas.bdi.uni-obuda.hu\/index.php\/jceeas\/issue\/view\/18 You can directly download our&nbsp;open access articles from the list below: Venatius Azinor Ukor, Ugumanim Bassey Obo: Claude Ake &#8211; Democracy and Development in Africa: A Review [&hellip;]<\/p><p class=\"wp-block-post-excerpt__more-text\"><a class=\"wp-block-post-excerpt__more-link\" href=\"https:\/\/bdi.uni-obuda.hu\/aki\/en\/issue-2025-4-of-jceeas-is-out\/\">More Information<\/a><\/p><\/div><\/div>\n<\/div>\n\n<\/li><li class=\"wp-block-post post-2399 post type-post status-publish format-standard hentry category-hirek_en\">\n\n<div class=\"wp-block-columns alignwide is-layout-flex wp-container-14\">\n<div class=\"wp-block-column is-layout-flow\" style=\"flex-basis:100%\"><h2 class=\"wp-block-post-title\"><a href=\"https:\/\/bdi.uni-obuda.hu\/aki\/en\/the-worlds-next-war-could-break-out-in-africa-interview-with-prof-dr-janos-besenyo\/\" target=\"_self\" >The world&#8217;s next war could break out in Africa! &#8211; Interview with Prof. Dr. J\u00e1nos Beseny\u0151<\/a><\/h2>\n\n<div class=\"wp-block-post-excerpt\"><p class=\"wp-block-post-excerpt__excerpt\">Prof. Dr. J\u00e1nos Beseny\u0151, Head of the Africa Research Institute at the Doctoral School on Safety and Security Sciences at \u00d3buda University and Visiting Professor at Stellenbosch University in South Africa, was a guest on Hit Radio. As part of the year-end review, the head of our institute provided a detailed analysis of Africa\u2019s situation [&hellip;]<\/p><p class=\"wp-block-post-excerpt__more-text\"><a class=\"wp-block-post-excerpt__more-link\" href=\"https:\/\/bdi.uni-obuda.hu\/aki\/en\/the-worlds-next-war-could-break-out-in-africa-interview-with-prof-dr-janos-besenyo\/\">More Information<\/a><\/p><\/div><\/div>\n<\/div>\n\n<\/li><li class=\"wp-block-post post-2387 post type-post status-publish format-standard hentry category-hirek_en\">\n\n<div class=\"wp-block-columns alignwide is-layout-flex wp-container-16\">\n<div class=\"wp-block-column is-layout-flow\" style=\"flex-basis:100%\"><h2 class=\"wp-block-post-title\"><a href=\"https:\/\/bdi.uni-obuda.hu\/aki\/en\/africa-in-great-trouble-is-this-the-new-isis-interview-with-prof-dr-janos-besenyo\/\" target=\"_self\" >Africa in Great Trouble: Is This the New ISIS? \u2013 Interview with Prof. Dr. J\u00e1nos Beseny\u0151<\/a><\/h2>\n\n<div class=\"wp-block-post-excerpt\"><p class=\"wp-block-post-excerpt__excerpt\">Prof. Dr. J\u00e1nos Beseny\u0151, Head of the Africa Research Institute at the Doctoral School on Safety and Security Sciences at \u00d3buda University and Visiting Professor at Stellenbosch University in South Africa, was a guest on Hit Radio. During the discussion, Professor Beseny\u0151 provided an in-depth analysis of the origins of the Sudanese civil war, the [&hellip;]<\/p><p class=\"wp-block-post-excerpt__more-text\"><a class=\"wp-block-post-excerpt__more-link\" href=\"https:\/\/bdi.uni-obuda.hu\/aki\/en\/africa-in-great-trouble-is-this-the-new-isis-interview-with-prof-dr-janos-besenyo\/\">More Information<\/a><\/p><\/div><\/div>\n<\/div>\n\n<\/li><li class=\"wp-block-post post-2424 post type-post status-publish format-standard hentry category-hirek_en\">\n\n<div class=\"wp-block-columns alignwide is-layout-flex wp-container-18\">\n<div class=\"wp-block-column is-layout-flow\" style=\"flex-basis:100%\"><h2 class=\"wp-block-post-title\"><a href=\"https:\/\/bdi.uni-obuda.hu\/aki\/en\/issue-2025-3-of-jceeas-is-out\/\" target=\"_self\" >Issue 2025\/3 of JCEEAS is out!<\/a><\/h2>\n\n<div class=\"wp-block-post-excerpt\"><p class=\"wp-block-post-excerpt__excerpt\">The latest issue of our journal (JCEEAS) that is published four times a year with dozens of scientific articles and book reviews is available on the following website:&nbsp;https:\/\/jceeas.bdi.uni-obuda.hu\/index.php\/jceeas\/issue\/view\/17 You can directly download our&nbsp;open access articles from the list below: Maur\u00edcio Waldman: Pan-Africanism : Geopolitics, Political Realism and State Governance Attila Tokai: Ogaden War as the [&hellip;]<\/p><p class=\"wp-block-post-excerpt__more-text\"><a class=\"wp-block-post-excerpt__more-link\" href=\"https:\/\/bdi.uni-obuda.hu\/aki\/en\/issue-2025-3-of-jceeas-is-out\/\">More Information<\/a><\/p><\/div><\/div>\n<\/div>\n\n<\/li><li class=\"wp-block-post post-2374 post type-post status-publish format-standard has-post-thumbnail hentry category-hirek_en\">\n\n<div class=\"wp-block-columns alignwide is-layout-flex wp-container-20\">\n<div class=\"wp-block-column is-layout-flow\" style=\"flex-basis:100%\"><h2 class=\"wp-block-post-title\"><a href=\"https:\/\/bdi.uni-obuda.hu\/aki\/en\/new-country-study-on-niger-authors-examine-the-regions-strategic-importance\/\" target=\"_self\" >New Country Study on Niger \u2013 ARI Researchers Examine the Region\u2019s Strategic Importance<\/a><\/h2>\n\n<div class=\"wp-block-post-excerpt\"><p class=\"wp-block-post-excerpt__excerpt\">Professor Dr. J\u00e1nos Beseny\u0151, Head of the Africa Research Institute and Dr. D\u00e1vid Vogel, Deputy Head of the Institute and Senior Research Fellow were guests of Hit Radio. The discussion focused on Niger, a key state in the Sahel region, which plays a strategic role in migration, security policy, and resource extraction. Prof. Beseny\u0151 and [&hellip;]<\/p><p class=\"wp-block-post-excerpt__more-text\"><a class=\"wp-block-post-excerpt__more-link\" href=\"https:\/\/bdi.uni-obuda.hu\/aki\/en\/new-country-study-on-niger-authors-examine-the-regions-strategic-importance\/\">More Information<\/a><\/p><\/div><\/div>\n<\/div>\n\n<\/li><\/ul>\n\n<nav class=\"wp-block-query-pagination is-layout-flex\" aria-label=\"Lapoz\u00e1s\">\n\n\n<div class=\"wp-block-query-pagination-numbers\"><span aria-current=\"page\" class=\"page-numbers current\">1<\/span>\n<a class=\"page-numbers\" href=\"?query-12-page=2\">2<\/a>\n<a class=\"page-numbers\" href=\"?query-12-page=3\">3<\/a>\n<span class=\"page-numbers dots\">&hellip;<\/span>\n<a class=\"page-numbers\" href=\"?query-12-page=10\">10<\/a><\/div>\n\n<a href=\"\/aki\/wp-json\/wp\/v2\/pages\/338?query-12-page=2\" class=\"wp-block-query-pagination-next\">K\u00f6vetkez\u0151 oldal<\/a>\n<\/nav><\/div>\n","protected":false},"excerpt":{"rendered":"","protected":false},"author":1,"featured_media":0,"parent":0,"menu_order":0,"comment_status":"closed","ping_status":"closed","template":"","meta":{"ub_ctt_via":""},"featured_image_src":null,"_links":{"self":[{"href":"https:\/\/bdi.uni-obuda.hu\/aki\/wp-json\/wp\/v2\/pages\/338"}],"collection":[{"href":"https:\/\/bdi.uni-obuda.hu\/aki\/wp-json\/wp\/v2\/pages"}],"about":[{"href":"https:\/\/bdi.uni-obuda.hu\/aki\/wp-json\/wp\/v2\/types\/page"}],"author":[{"embeddable":true,"href":"https:\/\/bdi.uni-obuda.hu\/aki\/wp-json\/wp\/v2\/users\/1"}],"replies":[{"embeddable":true,"href":"https:\/\/bdi.uni-obuda.hu\/aki\/wp-json\/wp\/v2\/comments?post=338"}],"version-history":[{"count":4,"href":"https:\/\/bdi.uni-obuda.hu\/aki\/wp-json\/wp\/v2\/pages\/338\/revisions"}],"predecessor-version":[{"id":401,"href":"https:\/\/bdi.uni-obuda.hu\/aki\/wp-json\/wp\/v2\/pages\/338\/revisions\/401"}],"wp:attachment":[{"href":"https:\/\/bdi.uni-obuda.hu\/aki\/wp-json\/wp\/v2\/media?parent=338"}],"curies":[{"name":"wp","href":"https:\/\/api.w.org\/{rel}","templated":true}]}}

<div class="wp-block-query is-layout-flow"><ul class="wp-block-post-template is-layout-flow"><li class="wp-block-post post-2571 post type-post status-publish format-standard hentry category-hirek_en">

<div class="wp-block-columns alignwide is-layout-flex wp-container-2">
<div class="wp-block-column is-layout-flow" style="flex-basis:100%"><h2 class="wp-block-post-title"><a href="https://bdi.uni-obuda.hu/aki/en/africa-research-institute-and-colombias-oasis-research-group-strengthen-ongoing-collaboration/" target="_self" >Africa Research Institute and Colombia’s OASIS Research Group Strengthen Ongoing Collaboration</a></h2>

<div class="wp-block-post-excerpt"><p class="wp-block-post-excerpt__excerpt">Seven months after officially launching our collaboration with the Observatory of Analysis of International Systems (OASIS) at Universidad Externado de Colombia&#8217;s Faculty of Finance, Government and International Relations, a number of meetings took place last week in Bogotá.&nbsp; Dr. David Vogel, Deputy Head of the Africa Research Institute met with Prof. Jerónimo Delgado-Caicedo, Head of [&hellip;]</p><p class="wp-block-post-excerpt__more-text"><a class="wp-block-post-excerpt__more-link" href="https://bdi.uni-obuda.hu/aki/en/africa-research-institute-and-colombias-oasis-research-group-strengthen-ongoing-collaboration/">More Information</a></p></div></div>
</div>

</li><li class="wp-block-post post-2520 post type-post status-publish format-standard has-post-thumbnail hentry category-hirek_en">

<div class="wp-block-columns alignwide is-layout-flex wp-container-4">
<div class="wp-block-column is-layout-flow" style="flex-basis:100%"><h2 class="wp-block-post-title"><a href="https://bdi.uni-obuda.hu/aki/en/belgrade-security-and-intelligence-forum-ii-bsif-2026-successfully-held-in-belgrade/" target="_self" >Belgrade Security and Intelligence Forum II (BSIF 2026) Successfully Held in Belgrade</a></h2>

<div class="wp-block-post-excerpt"><p class="wp-block-post-excerpt__excerpt">The Belgrade Security and Intelligence Forum II (BSIF 2026) was held on 27–28 March 2026 in Belgrade, organized by the Institute for National and International Security (INIS). The closed-door professional event brought together selected security and intelligence experts, diplomats, academics, and senior military and law enforcement professionals. Key topics of the Forum included hybrid threats, [&hellip;]</p><p class="wp-block-post-excerpt__more-text"><a class="wp-block-post-excerpt__more-link" href="https://bdi.uni-obuda.hu/aki/en/belgrade-security-and-intelligence-forum-ii-bsif-2026-successfully-held-in-belgrade/">More Information</a></p></div></div>
</div>

</li><li class="wp-block-post post-2505 post type-post status-publish format-standard has-post-thumbnail hentry category-hirek_en">

<div class="wp-block-columns alignwide is-layout-flex wp-container-6">
<div class="wp-block-column is-layout-flow" style="flex-basis:100%"><h2 class="wp-block-post-title"><a href="https://bdi.uni-obuda.hu/aki/en/hungary-africa-week-in-budapest-16-22-february-2026/" target="_self" >Hungary-Africa Week in Budapest: 16-22 February 2026</a></h2>

<div class="wp-block-post-excerpt"><p class="wp-block-post-excerpt__excerpt">The Hungary–Africa Week was held for the third time, offering visitors the opportunity to attend exhibitions as well as cultural and scientific events. A particularly engaging program was the Education Day, where representatives of African and Hungarian higher education institutions met and shared their experiences with one another and with the audience. Among the speakers [&hellip;]</p><p class="wp-block-post-excerpt__more-text"><a class="wp-block-post-excerpt__more-link" href="https://bdi.uni-obuda.hu/aki/en/hungary-africa-week-in-budapest-16-22-february-2026/">More Information</a></p></div></div>
</div>

</li><li class="wp-block-post post-2481 post type-post status-publish format-standard hentry category-hirek_en">

<div class="wp-block-columns alignwide is-layout-flex wp-container-8">
<div class="wp-block-column is-layout-flow" style="flex-basis:100%"><h2 class="wp-block-post-title"><a href="https://bdi.uni-obuda.hu/aki/en/call-for-papers-double-thematic-issue-with-externado-university-of-colombia-at-jceeas/" target="_self" >CALL FOR PAPERS: Double thematic issue with Externado University of Colombia at JCEEAS</a></h2>

<div class="wp-block-post-excerpt"><p class="wp-block-post-excerpt__excerpt">Based on the cooperation between the African Research Institute (ARI) and the Universidad Externado de Colombia, it has been decided to publish parallel thematic issues in both&nbsp;JCEEAS&nbsp;and its Colombian counterpart,&nbsp;Observatory for the Analysis of International Systems (OASIS), an indexed, peer-reviewed journal. Accordingly, ARI has invited&nbsp;Jerónimo Delgado-Caicedo, PhD, Editor-in-Chief of OASIS, and&nbsp;Paula Ximena Ruíz-Camacho, PhD, Director [&hellip;]</p><p class="wp-block-post-excerpt__more-text"><a class="wp-block-post-excerpt__more-link" href="https://bdi.uni-obuda.hu/aki/en/call-for-papers-double-thematic-issue-with-externado-university-of-colombia-at-jceeas/">More Information</a></p></div></div>
</div>

</li><li class="wp-block-post post-2462 post type-post status-publish format-standard hentry category-hirek_en">

<div class="wp-block-columns alignwide is-layout-flex wp-container-10">
<div class="wp-block-column is-layout-flow" style="flex-basis:100%"><h2 class="wp-block-post-title"><a href="https://bdi.uni-obuda.hu/aki/en/new-pportuntiy-to-publish-double-joint-thematic-issue-with-colombias-externado-university/" target="_self" >New opportunity to publish: Double joint thematic issue with Colombia&#8217;s Externado University!</a></h2>

<div class="wp-block-post-excerpt"><p class="wp-block-post-excerpt__excerpt">Based on the cooperation between the African Research Institute and the Universidad Externado de Colombia, a decision has been made to publish joint thematic issues in both JCEEAS and its Colombian counterpart, the&nbsp;Observatory for the Analysis of International Systems&nbsp;(OASIS), an indexed, peer-reviewed journal. Accordingly, ARI has received a request from the Editor-in-Chief of OASIS inviting [&hellip;]</p><p class="wp-block-post-excerpt__more-text"><a class="wp-block-post-excerpt__more-link" href="https://bdi.uni-obuda.hu/aki/en/new-pportuntiy-to-publish-double-joint-thematic-issue-with-colombias-externado-university/">More Information</a></p></div></div>
</div>

</li><li class="wp-block-post post-2428 post type-post status-publish format-standard hentry category-hirek_en">

<div class="wp-block-columns alignwide is-layout-flex wp-container-12">
<div class="wp-block-column is-layout-flow" style="flex-basis:100%"><h2 class="wp-block-post-title"><a href="https://bdi.uni-obuda.hu/aki/en/issue-2025-4-of-jceeas-is-out/" target="_self" >Issue 2025/4 of JCEEAS is out!</a></h2>

<div class="wp-block-post-excerpt"><p class="wp-block-post-excerpt__excerpt">The latest issue of our journal (JCEEAS) that is published four times a year with dozens of scientific articles and book reviews is available on the following website:&nbsp;https://jceeas.bdi.uni-obuda.hu/index.php/jceeas/issue/view/18 You can directly download our&nbsp;open access articles from the list below: Venatius Azinor Ukor, Ugumanim Bassey Obo: Claude Ake &#8211; Democracy and Development in Africa: A Review [&hellip;]</p><p class="wp-block-post-excerpt__more-text"><a class="wp-block-post-excerpt__more-link" href="https://bdi.uni-obuda.hu/aki/en/issue-2025-4-of-jceeas-is-out/">More Information</a></p></div></div>
</div>

</li><li class="wp-block-post post-2399 post type-post status-publish format-standard hentry category-hirek_en">

<div class="wp-block-columns alignwide is-layout-flex wp-container-14">
<div class="wp-block-column is-layout-flow" style="flex-basis:100%"><h2 class="wp-block-post-title"><a href="https://bdi.uni-obuda.hu/aki/en/the-worlds-next-war-could-break-out-in-africa-interview-with-prof-dr-janos-besenyo/" target="_self" >The world&#8217;s next war could break out in Africa! &#8211; Interview with Prof. Dr. János Besenyő</a></h2>

<div class="wp-block-post-excerpt"><p class="wp-block-post-excerpt__excerpt">Prof. Dr. János Besenyő, Head of the Africa Research Institute at the Doctoral School on Safety and Security Sciences at Óbuda University and Visiting Professor at Stellenbosch University in South Africa, was a guest on Hit Radio. As part of the year-end review, the head of our institute provided a detailed analysis of Africa’s situation [&hellip;]</p><p class="wp-block-post-excerpt__more-text"><a class="wp-block-post-excerpt__more-link" href="https://bdi.uni-obuda.hu/aki/en/the-worlds-next-war-could-break-out-in-africa-interview-with-prof-dr-janos-besenyo/">More Information</a></p></div></div>
</div>

</li><li class="wp-block-post post-2387 post type-post status-publish format-standard hentry category-hirek_en">

<div class="wp-block-columns alignwide is-layout-flex wp-container-16">
<div class="wp-block-column is-layout-flow" style="flex-basis:100%"><h2 class="wp-block-post-title"><a href="https://bdi.uni-obuda.hu/aki/en/africa-in-great-trouble-is-this-the-new-isis-interview-with-prof-dr-janos-besenyo/" target="_self" >Africa in Great Trouble: Is This the New ISIS? – Interview with Prof. Dr. János Besenyő</a></h2>

<div class="wp-block-post-excerpt"><p class="wp-block-post-excerpt__excerpt">Prof. Dr. János Besenyő, Head of the Africa Research Institute at the Doctoral School on Safety and Security Sciences at Óbuda University and Visiting Professor at Stellenbosch University in South Africa, was a guest on Hit Radio. During the discussion, Professor Besenyő provided an in-depth analysis of the origins of the Sudanese civil war, the [&hellip;]</p><p class="wp-block-post-excerpt__more-text"><a class="wp-block-post-excerpt__more-link" href="https://bdi.uni-obuda.hu/aki/en/africa-in-great-trouble-is-this-the-new-isis-interview-with-prof-dr-janos-besenyo/">More Information</a></p></div></div>
</div>

</li><li class="wp-block-post post-2424 post type-post status-publish format-standard hentry category-hirek_en">

<div class="wp-block-columns alignwide is-layout-flex wp-container-18">
<div class="wp-block-column is-layout-flow" style="flex-basis:100%"><h2 class="wp-block-post-title"><a href="https://bdi.uni-obuda.hu/aki/en/issue-2025-3-of-jceeas-is-out/" target="_self" >Issue 2025/3 of JCEEAS is out!</a></h2>

<div class="wp-block-post-excerpt"><p class="wp-block-post-excerpt__excerpt">The latest issue of our journal (JCEEAS) that is published four times a year with dozens of scientific articles and book reviews is available on the following website:&nbsp;https://jceeas.bdi.uni-obuda.hu/index.php/jceeas/issue/view/17 You can directly download our&nbsp;open access articles from the list below: Maurício Waldman: Pan-Africanism : Geopolitics, Political Realism and State Governance Attila Tokai: Ogaden War as the [&hellip;]</p><p class="wp-block-post-excerpt__more-text"><a class="wp-block-post-excerpt__more-link" href="https://bdi.uni-obuda.hu/aki/en/issue-2025-3-of-jceeas-is-out/">More Information</a></p></div></div>
</div>

</li><li class="wp-block-post post-2374 post type-post status-publish format-standard has-post-thumbnail hentry category-hirek_en">

<div class="wp-block-columns alignwide is-layout-flex wp-container-20">
<div class="wp-block-column is-layout-flow" style="flex-basis:100%"><h2 class="wp-block-post-title"><a href="https://bdi.uni-obuda.hu/aki/en/new-country-study-on-niger-authors-examine-the-regions-strategic-importance/" target="_self" >New Country Study on Niger – ARI Researchers Examine the Region’s Strategic Importance</a></h2>

<div class="wp-block-post-excerpt"><p class="wp-block-post-excerpt__excerpt">Professor Dr. János Besenyő, Head of the Africa Research Institute and Dr. Dávid Vogel, Deputy Head of the Institute and Senior Research Fellow were guests of Hit Radio. The discussion focused on Niger, a key state in the Sahel region, which plays a strategic role in migration, security policy, and resource extraction. Prof. Besenyő and [&hellip;]</p><p class="wp-block-post-excerpt__more-text"><a class="wp-block-post-excerpt__more-link" href="https://bdi.uni-obuda.hu/aki/en/new-country-study-on-niger-authors-examine-the-regions-strategic-importance/">More Information</a></p></div></div>
</div>

</li></ul>

<nav class="wp-block-query-pagination is-layout-flex" aria-label="Lapozás">


<div class="wp-block-query-pagination-numbers"><span aria-current="page" class="page-numbers current">1</span>
<a class="page-numbers" href="?query-12-page=2">2</a>
<a class="page-numbers" href="?query-12-page=3">3</a>
<span class="page-numbers dots">&hellip;</span>
<a class="page-numbers" href="?query-12-page=10">10</a></div>

<a href="/aki/wp-json/wp/v2/pages/338?query-12-page=2" class="wp-block-query-pagination-next">Következő oldal</a>
</nav></div>
